{"id":142,"date":"2015-09-23T13:54:29","date_gmt":"2015-09-23T13:54:29","guid":{"rendered":"http:\/\/mit-taktgefuehl.de\/?page_id=142"},"modified":"2019-02-23T15:28:08","modified_gmt":"2019-02-23T14:28:08","slug":"beitragsornung","status":"publish","type":"page","link":"https:\/\/mit-taktgefuehl.de\/?page_id=142","title":{"rendered":"Beitragsordnung"},"content":{"rendered":"<p><span style=\"color: #000000; font-family: Calibri;\">Stand 01.04.2019<\/span><\/p>\n<p><span style=\"color: #000000; font-family: Calibri;\">Aktive Mitglieder: 60 \u20ac \/ Kalenderjahr<br \/>\n<\/span><span style=\"color: #000000; font-family: Calibri;\">Passive Mitglieder 40 \u20ac \/ Kalenderjahr<br \/>\n<\/span><span style=\"color: #000000; font-family: Calibri;\">Musiksch\u00fcler: 45 \u20ac \/ Quartal<\/span><\/p>\n<p><span style=\"color: #000000; font-family: Calibri;\">Erm\u00e4\u00dfigte Beitr\u00e4ge f\u00fcr Kinder und Jugendliche<\/span><\/p>\n<p><span style=\"color: #000000; font-family: Calibri;\">75% des Beitrags<br \/>\n<\/span><span style=\"color: #000000; font-family: Calibri;\">2. Kind bis zum 18. Lebensjahr einer Familie als Vereinsmitglied<\/span><\/p>\n<p><span style=\"color: #000000; font-family: Calibri;\">50% des Beitrags<br \/>\n3. und weitere Kinder bis zum 18. Lebensjahr einer Familie als Vereinsmitglied<\/span><\/p>\n<p><span style=\"color: #000000; font-family: Calibri;\">Die Beitr\u00e4ge sind zu Beginn des jeweiligen Zeitraums f\u00e4llig.<\/span><\/p>\n<p>&nbsp;<\/p>\n","protected":false},"excerpt":{"rendered":"<p>Stand 01.04.2019 Aktive Mitglieder: 60 \u20ac \/ Kalenderjahr Passive Mitglieder 40 \u20ac \/ Kalenderjahr Musiksch\u00fcler: 45 \u20ac \/ Quartal Erm\u00e4\u00dfigte Beitr\u00e4ge f\u00fcr Kinder und Jugendliche 75% des Beitrags 2. Kind bis zum 18. Lebensjahr einer Familie als Vereinsmitglied 50% des Beitrags 3. und weitere Kinder bis zum 18. Lebensjahr einer Familie als Vereinsmitglied Die Beitr\u00e4ge &hellip; <a href=\"https:\/\/mit-taktgefuehl.de\/?page_id=142\" class=\"more-link\"><span class=\"screen-reader-text\">Beitragsordnung<\/span> weiterlesen <span class=\"meta-nav\">&rarr;<\/span><\/a><\/p>\n","protected":false},"author":1,"featured_media":0,"parent":93,"menu_order":0,"comment_status":"closed","ping_status":"closed","template":"","meta":{"_mi_skip_tracking":false,"_monsterinsights_sitenote_active":false,"_monsterinsights_sitenote_note":"","_monsterinsights_sitenote_category":0,"footnotes":""},"class_list":["post-142","page","type-page","status-publish","hentry"],"_links":{"self":[{"href":"https:\/\/mit-taktgefuehl.de\/index.php?rest_route=\/wp\/v2\/pages\/142","targetHints":{"allow":["GET"]}}],"collection":[{"href":"https:\/\/mit-taktgefuehl.de\/index.php?rest_route=\/wp\/v2\/pages"}],"about":[{"href":"https:\/\/mit-taktgefuehl.de\/index.php?rest_route=\/wp\/v2\/types\/page"}],"author":[{"embeddable":true,"href":"https:\/\/mit-taktgefuehl.de\/index.php?rest_route=\/wp\/v2\/users\/1"}],"replies":[{"embeddable":true,"href":"https:\/\/mit-taktgefuehl.de\/index.php?rest_route=%2Fwp%2Fv2%2Fcomments&post=142"}],"version-history":[{"count":5,"href":"https:\/\/mit-taktgefuehl.de\/index.php?rest_route=\/wp\/v2\/pages\/142\/revisions"}],"predecessor-version":[{"id":572,"href":"https:\/\/mit-taktgefuehl.de\/index.php?rest_route=\/wp\/v2\/pages\/142\/revisions\/572"}],"up":[{"embeddable":true,"href":"https:\/\/mit-taktgefuehl.de\/index.php?rest_route=\/wp\/v2\/pages\/93"}],"wp:attachment":[{"href":"https:\/\/mit-taktgefuehl.de\/index.php?rest_route=%2Fwp%2Fv2%2Fmedia&parent=142"}],"curies":[{"name":"wp","href":"https:\/\/api.w.org\/{rel}","templated":true}]}}