{"id":64,"date":"2015-09-20T18:33:58","date_gmt":"2015-09-20T18:33:58","guid":{"rendered":"http:\/\/mit-taktgefuehl.de\/?page_id=64"},"modified":"2025-12-28T11:35:49","modified_gmt":"2025-12-28T10:35:49","slug":"ensemble-2","status":"publish","type":"page","link":"https:\/\/mit-taktgefuehl.de\/?page_id=64","title":{"rendered":"Ensemble"},"content":{"rendered":"<p>Das altersgemischte Ensemble (von ca. 20 &#8211; 75 Jahre) ist mit den Instrumenten Mandoline, Mandola, Gitarre und Bass besetzt.<\/p>\n<p>Weitere Musiker sind willkommen \ud83d\ude42<\/p>\n<p>Das Repertoire reicht von klassischen Kompositionen, \u00fcber internationale Kl\u00e4nge bis hin zu zeitgen\u00f6ssischer Musik.<\/p>\n","protected":false},"excerpt":{"rendered":"<p>Das altersgemischte Ensemble (von ca. 20 &#8211; 75 Jahre) ist mit den Instrumenten Mandoline, Mandola, Gitarre und Bass besetzt. Weitere Musiker sind willkommen \ud83d\ude42 Das Repertoire reicht von klassischen Kompositionen, \u00fcber internationale Kl\u00e4nge bis hin zu zeitgen\u00f6ssischer Musik.<\/p>\n","protected":false},"author":1,"featured_media":0,"parent":0,"menu_order":30,"comment_status":"closed","ping_status":"closed","template":"","meta":{"_mi_skip_tracking":false,"_monsterinsights_sitenote_active":false,"_monsterinsights_sitenote_note":"","_monsterinsights_sitenote_category":0,"footnotes":""},"class_list":["post-64","page","type-page","status-publish","hentry"],"_links":{"self":[{"href":"https:\/\/mit-taktgefuehl.de\/index.php?rest_route=\/wp\/v2\/pages\/64","targetHints":{"allow":["GET"]}}],"collection":[{"href":"https:\/\/mit-taktgefuehl.de\/index.php?rest_route=\/wp\/v2\/pages"}],"about":[{"href":"https:\/\/mit-taktgefuehl.de\/index.php?rest_route=\/wp\/v2\/types\/page"}],"author":[{"embeddable":true,"href":"https:\/\/mit-taktgefuehl.de\/index.php?rest_route=\/wp\/v2\/users\/1"}],"replies":[{"embeddable":true,"href":"https:\/\/mit-taktgefuehl.de\/index.php?rest_route=%2Fwp%2Fv2%2Fcomments&post=64"}],"version-history":[{"count":7,"href":"https:\/\/mit-taktgefuehl.de\/index.php?rest_route=\/wp\/v2\/pages\/64\/revisions"}],"predecessor-version":[{"id":1144,"href":"https:\/\/mit-taktgefuehl.de\/index.php?rest_route=\/wp\/v2\/pages\/64\/revisions\/1144"}],"wp:attachment":[{"href":"https:\/\/mit-taktgefuehl.de\/index.php?rest_route=%2Fwp%2Fv2%2Fmedia&parent=64"}],"curies":[{"name":"wp","href":"https:\/\/api.w.org\/{rel}","templated":true}]}}

<p>Das altersgemischte Ensemble (von ca. 20 &#8211; 75 Jahre) ist mit den Instrumenten Mandoline, Mandola, Gitarre und Bass besetzt.</p>
<p>Weitere Musiker sind willkommen 🙂</p>
<p>Das Repertoire reicht von klassischen Kompositionen, über internationale Klänge bis hin zu zeitgenössischer Musik.</p>

<p>Das altersgemischte Ensemble (von ca. 20 &#8211; 75 Jahre) ist mit den Instrumenten Mandoline, Mandola, Gitarre und Bass besetzt. Weitere Musiker sind willkommen 🙂 Das Repertoire reicht von klassischen Kompositionen, über internationale Klänge bis hin zu zeitgenössischer Musik.</p>
